 = -300. Let r = h - -547. What is the tens digit of r?
7
Suppose 12*j = -9119 - 8125. What is the units digit of j*(-4)/96 - 4/(-32)?
0
Let n = -16277 + 32213. What is the tens digit of n?
3
Let g be (-12)/48 - (-110)/(-8). What is the units digit of ((-341)/22 - g)/((-2)/252)?
9
Let m(p) = 3*p**3 - 9*p**2 + 2*p + 10. Let u be m(4). Let h = u + 626. What is the hundreds digit of h?
6
Suppose -3*t - 12 - 24 = -r, -3*r + 150 = 5*t. Suppose -r = 62*j - 57*j. What is the units digit of ((-3)/j*16)/(12/486)?
6
Let n(m) = -3*m**3 - 4*m**2 - 2*m + 1. Let s be n(-2). Suppose 31 + s = 4*d. Suppose d*h - 2*h = 1134. What is the tens digit of h?
2
Let q = 33423 - 21534. What is the hundreds digit of q?
8
Let y(w) = -w**3 - 7*w**2 + 7*w - 3. Let j be y(-8). Suppose 0 = 3*v - j*s - 509, 3*s - s + 674 = 4*v. What is the hundreds digit of v?
1
Let g(p) = 130*p - 40. Suppose 4*n + 5*m = 20 + 10, 0 = -5*n - m + 27. What is the units digit of g(n)?
0
Suppose 33*t = 1042498 + 156965 - 78684. What is the ten thousands digit of t?
3
Let s = -2666 - -782. Let b = 3252 + s. What is the units digit of b?
8
Let k(t) be the third derivative of -13/6*t**3 + 0*t + 0 - 7*t**2 + 5/24*t**4. What is the units digit of k(9)?
2
Let z = -17 + 7. Let g(q) = 4*q + 4. Let j(y) = 1. Let p(c) = -g(c) + 12*j(c). What is the tens digit of p(z)?
4
Let a(b) = 540*b**2 + 22*b + 94. What is the thousands digit of a(-4)?
8
Let x = -171 - -174. What is the units digit of ((-4571)/(-21))/(1/x)?
3
Let f(l) = -l**3 - 5*l**2 - l + 5. Let k be f(-3). Let x be 3/(-5)*k/2 + 162. Let a = x + -63. What is the tens digit of a?
0
Let r(n) = n**3 + 19*n**2 - 39*n + 77. Let q be r(-21). Let v be 454/4 + 24/(-16). Let s = v + q. What is the hundreds digit of s?
1
Suppose -4948*d - 59541 = -4951*d. What is the hundreds digit of d?
8
Let f(g) = -g**3 + 13*g**2 - 11*g - 14. Let d be f(12). Suppose 820 = 902*r - 907*r. What is the tens digit of (-15)/30*(r - d)?
8
Suppose 3*m - 56566 = 5*b, -4*b - 46030 = -3*m + 10543. What is the units digit of m?
7
Let i be 114*(-5)/(-10)*-5 - -5. Let x = i - -516. What is the units digit of x?
6
Suppose -14 = 265*p - 263*p, -p - 43172 = -5*h. What is the hundreds digit of h?
6
Let s(x) = 70*x**2 - 23*x + 10. What is the tens digit of s(-8)?
7
Let c(j) = j**2 - 23*j - 13. Let r be c(28). Let t = -72 + r. Let g = 110 - t. What is the tens digit of g?
5
Let d(g) = -2*g**2 - 20*g + 4. Let m be d(21). Let q = m + 1835. What is the hundreds digit of q?
5
Let u(a) = -219*a + 478. What is the tens digit of u(-23)?
1
Let d = -6 + 6. Suppose d + 10 = 2*f. What is the tens digit of (-84)/(-2) - 20/f?
3
Let h(b) = 1014*b + 804. What is the tens digit of h(6)?
8
Suppose 218*a - 936113 = 1395179. What is the thousands digit of a?
0
Let t be -5 - ((-690)/75 - (-1)/5). Suppose -2*h - 232 = -c, -174 = t*c + 5*h - 1063. What is the tens digit of c?
2
Let z(s) = s - 17. Let v be z(-22). Let a be 8/(-52) - 51/v*7. Let x(h) = 16*h + 20. What is the units digit of x(a)?
4
Suppose 3*j = q, 3*j + 3 = 2*q - 0. What is the tens digit of (-1 + 294)/(10/90*q)?
7
Let k(o) = -3*o**3 - 43*o**2 + 3*o - 84. What is the thousands digit of k(-20)?
6
What is the hundreds digit of (-1348)/5*(108 + -128)?
3
Suppose -3*k + 9208 = -c, 5*c + 0*c = 4*k - 12259. Suppose -k = -4*i + 989. What is the hundreds digit of i?
0
Suppose 135 = 16*m - 153. Suppose -297 + m = -9*a. What is the units digit of a?
1
Let c = 37 + -22. Let f be 33/(-6)*(-4 - -2). Suppose c*h - 452 = f*h. What is the tens digit of h?
1
Let s = 948 - -483. What is the hundreds digit of s?
4
Suppose 0 = -16*k + 17*k + 5*p - 54740, 8*k = 4*p + 438096. What is the hundreds digit of k?
7
Suppose -11*p = x - 14*p - 45603, 4*x - 182440 = 5*p. What is the hundreds digit of x?
6
Let o = 431 - 424. Suppose -3*l = -o*l + n + 4806, -3607 = -3*l + 2*n. What is the units digit of l?
1
Suppose 0 = 5*p - 5, -2*d - 3*d - 49 = p. Let b be (-6)/d + (-12)/(-5). Suppose -4*v - 4*j + 20 = -524, -2*j = b*v - 405. What is the tens digit of v?
3
Let b = 19873 - 11460. What is the tens digit of b?
1
Let w be (261 + 4)/5 + 3. Suppose -w*c - 20 = -61*c. Suppose -132 = -2*g - c*g. What is the tens digit of g?
2
Suppose -3*m - 29 = -5*z, -6*z + z + m = -33. Let n(o) = 14 + 19*o**3 - 23*o**3 + 8*o + 3*o**3 + 7*o**2. What is the units digit of n(z)?
0
Let b = 38487 - -6848. What is the units digit of b?
5
Let w(a) = a**3 + 6*a**2 + a + 12. Let r be w(-6). Suppose -r*t + 278 - 92 = 0. What is the tens digit of t?
3
Let l(s) = 50953*s**2 + 268*s + 268. What is the ten thousands digit of l(-1)?
5
Let p = -95 - -182. Let a = p - 83. Suppose 741 = 4*y - 0*y - 5*q, a*q + 744 = 4*y. What is the units digit of y?
9
Suppose -4*h = -2*d - 0*d - 20, 3*h - 15 = -5*d. Let o be (-836)/(-4) - -2 - h. Let b = o + -90. What is the tens digit of b?
1
Suppose -410 = 2*j - 2*h, -4 = 8*h - 9*h. Let n = -63 - j. What is the hundreds digit of n?
1
What is the ten thousands digit of (-44)/3542*7 - (-453033)/23?
1
Let n(b) = 4*b + 24. Let f be n(-5). Suppose 56 = 4*s - 3*m, -10*s + 69 = -5*s - f*m. What is the tens digit of s?
1
Suppose 3 = 6*d + 39. Let x = d - -15. What is the units digit of x?
9
Let k be -2 - 1*(-7920)/(-5). Let w = -930 - k. What is the units digit of w?
6
Let k(p) = -45*p - 95. Let c be k(-8). Suppose 159 = 3*u + 4*b, 5*u + b - c = 6*b. What is the tens digit of u?
5
Let z be -14*(763/(-49) + -3). Suppose n - 5*l = -0*l + z, l = -3. What is the units digit of n?
5
Let z(x) = -14*x + 151. Let p(o) = 2*o. Let q(j) = -5*p(j) + z(j). What is the tens digit of q(-34)?
6
Let n(p) = -p**3 + 10*p**2 + 11*p + 10. Let c be n(9). Let v = -355 - -631. Let x = v - c. What is the units digit of x?
6
Let p(x) = 40*x**2 - 5*x - 2. Let u be p(4). Let l = -182 + u. Let t = l - 259. What is the tens digit of t?
7
Let q(s) = 2*s**3 - 141*s**2 - 299*s + 146. What is the hundreds digit of q(73)?
9
Let y(o) be the second derivative of -7*o**3/6 - 25*o**2/2 + 5*o. Let b = 416 + -420. What is the units digit of y(b)?
3
Suppose 406*c = 403*c + 6, n - 5*c = 30533. What is the ten thousands digit of n?
3
Suppose 2*k - k = 4. Let z = -913 - -916. Suppose 3*i - 2*b = 2*b + 105, -z*i - k*b = -129. What is the tens digit of i?
3
Suppose -127*p + 8630920 + 549559 = -1075533. What is the hundreds digit of p?
7
Let t(u) = -u**2 - 15*u - 52. Let o be t(-11). What is the units digit of (2 - -151)*(-15)/40*o?
9
Suppose -6*b - 2821 = b. Let x be b/(-5) + 6/(-10). Suppose k - x = -7*k. What is the units digit of k?
0
Let t be (102/12)/((-3)/(-6)). Suppose -5*w + 4*y = -t, 2*y + 1 = -3*w - 2. Let b(i) = 135*i**3 + i**2 + 2*i - 1. What is the tens digit of b(w)?
3
Suppose -2*q = 2, 4*f - 5*q - 56 - 93 = 0. Suppose 12*j - 18*j - f = 0. What is the units digit of j/3 + 9*(-2 + 7)?
3
Let a be 12/3*(-5 + 6). Suppose -2*i - 3*k + 984 = -2*k, 5*i - a*k - 2460 = 0. What is the units digit of i?
2
Suppose -31108 - 14758 = 17*x. Let p = 3985 + x. What is the thousands digit of p?
1
Suppose -3*v = -2*v - 4*r - 947, -v = -2*r - 955. Suppose -648 = -2*z + a, 3*a = 5*z - 8*z + v. What is the units digit of z?
3
What is the hundreds digit of (254700/540)/(1/15)?
0
Suppose 4*d + 4*g - 36 = 0, 5*d - 5 = -0*d + 5*g. Let v = 391 + -380. Suppose -d*z + 5*a + 629 = -v, -a - 256 = -2*z. What is the units digit of z?
8
Suppose -763508 = -46*b - 24058. What is the hundreds digit of b?
0
Suppose -5*a - 3 = -5*c - 23, -20 = 2*a + 5*c. Suppose -4*y - i + 879 = a, 2*y - 616 + 173 = 3*i. What is the units digit of y/28 + (-2)/(-14)?
8
Suppose -c + 79 = n, 4*n - 316 = 3*c + 2*c. Let d(j) = -j**3 + 15*j**2 - 13*j - 8. Let x be d(14). Suppose -x*g = -985 + n. What is the tens digit of g?
5
Let q(j) = -2*j**3 - 29*j**2 - 4*j - 8. Let a be q(-16). Suppose -r - 195 = -a. What is the units digit of r?
9
Let m = 934 + -638. Let o = 403 + m. What is the hundreds digit of o?
6
Let f(z) = 273*z + 2107. What is the hundreds digit of f(26)?
2
Let d(w) = 8*w - 140. Let i be d(18). Suppose 3*k = l + 3398, 3*l + 0*l + 4524 = i*k. What is the hundreds digit of k?
1
Let f(r) = -3155*r - 550. What is the thousands digit of f(-6)?
8
Suppose 8 = a - 3*p + 148, 5*a + 700 = 2*p. What is the tens digit of ((-260)/(-16))/((-5)/a)?
5
Suppose -5*i + 582*l + 26790 = 584*l